{"id":7469,"date":"2025-08-18T15:53:23","date_gmt":"2025-08-18T18:53:23","guid":{"rendered":"https:\/\/felgoulart.com.br\/biosensi\/product\/nr20-inflamaveis-iniciacao-reciclagem-periodico\/"},"modified":"2025-08-24T21:56:55","modified_gmt":"2025-08-25T00:56:55","slug":"nr20-inflamaveis-iniciacao-reciclagem-periodico","status":"publish","type":"product","link":"https:\/\/felgoulart.com.br\/biosensi\/product\/nr20-inflamaveis-iniciacao-reciclagem-periodico\/","title":{"rendered":"NR20 \u2013 Inflam\u00e1veis \u2013 Inicia\u00e7\u00e3o (Reciclagem \/ Peri\u00f3dico)"},"content":{"rendered":"","protected":false},"excerpt":{"rendered":"<p>O curso aborda as exig\u00eancias legais contida na Norma Regulamentadora n\u00b020 os processos envolendo inflam\u00e1veis e combust\u00edveis. Ao final deste treinamento voc\u00ea dever\u00e1 ser capaz de executar corretamente os processos rotineiros de forma segura e respons\u00e1vel.<\/p>\n","protected":false},"featured_media":7882,"template":"","meta":{"_acf_changed":false},"product_brand":[],"product_cat":[16],"product_tag":[],"class_list":{"0":"post-7469","1":"product","2":"type-product","3":"status-publish","4":"has-post-thumbnail","6":"product_cat-uncategorized","8":"first","9":"instock","10":"virtual","11":"purchasable","12":"product-type-simple"},"acf":[],"_links":{"self":[{"href":"https:\/\/felgoulart.com.br\/biosensi\/wp-json\/wp\/v2\/product\/7469","targetHints":{"allow":["GET"]}}],"collection":[{"href":"https:\/\/felgoulart.com.br\/biosensi\/wp-json\/wp\/v2\/product"}],"about":[{"href":"https:\/\/felgoulart.com.br\/biosensi\/wp-json\/wp\/v2\/types\/product"}],"wp:featuredmedia":[{"embeddable":true,"href":"https:\/\/felgoulart.com.br\/biosensi\/wp-json\/wp\/v2\/media\/7882"}],"wp:attachment":[{"href":"https:\/\/felgoulart.com.br\/biosensi\/wp-json\/wp\/v2\/media?parent=7469"}],"wp:term":[{"taxonomy":"product_brand","embeddable":true,"href":"https:\/\/felgoulart.com.br\/biosensi\/wp-json\/wp\/v2\/product_brand?post=7469"},{"taxonomy":"product_cat","embeddable":true,"href":"https:\/\/felgoulart.com.br\/biosensi\/wp-json\/wp\/v2\/product_cat?post=7469"},{"taxonomy":"product_tag","embeddable":true,"href":"https:\/\/felgoulart.com.br\/biosensi\/wp-json\/wp\/v2\/product_tag?post=7469"}],"curies":[{"name":"wp","href":"https:\/\/api.w.org\/{rel}","templated":true}]}}