{"id":7487,"date":"2025-08-18T15:53:25","date_gmt":"2025-08-18T18:53:25","guid":{"rendered":"https:\/\/felgoulart.com.br\/biosensi\/product\/ppr-programas-de-protecao-respiratoria\/"},"modified":"2025-08-24T21:26:00","modified_gmt":"2025-08-25T00:26:00","slug":"ppr-programas-de-protecao-respiratoria","status":"publish","type":"product","link":"https:\/\/felgoulart.com.br\/biosensi\/product\/ppr-programas-de-protecao-respiratoria\/","title":{"rendered":"PPR \u2013 Programas de Prote\u00e7\u00e3o Respirat\u00f3ria"},"content":{"rendered":"","protected":false},"excerpt":{"rendered":"<p>Garantir o uso correto e obter informa\u00e7\u00f5es sobre a guarda, limpeza e higieniza\u00e7\u00e3o dos respiradores e que todo participante, durante o treinamento, tenha a oportunidade de manusear e repetir os mesmos procedimentos demonstrados pelo instrutor.<\/p>\n","protected":false},"featured_media":7875,"template":"","meta":{"_acf_changed":false},"product_brand":[],"product_cat":[16],"product_tag":[],"class_list":{"0":"post-7487","1":"product","2":"type-product","3":"status-publish","4":"has-post-thumbnail","6":"product_cat-uncategorized","8":"first","9":"instock","10":"virtual","11":"purchasable","12":"product-type-simple"},"acf":[],"_links":{"self":[{"href":"https:\/\/felgoulart.com.br\/biosensi\/wp-json\/wp\/v2\/product\/7487","targetHints":{"allow":["GET"]}}],"collection":[{"href":"https:\/\/felgoulart.com.br\/biosensi\/wp-json\/wp\/v2\/product"}],"about":[{"href":"https:\/\/felgoulart.com.br\/biosensi\/wp-json\/wp\/v2\/types\/product"}],"wp:featuredmedia":[{"embeddable":true,"href":"https:\/\/felgoulart.com.br\/biosensi\/wp-json\/wp\/v2\/media\/7875"}],"wp:attachment":[{"href":"https:\/\/felgoulart.com.br\/biosensi\/wp-json\/wp\/v2\/media?parent=7487"}],"wp:term":[{"taxonomy":"product_brand","embeddable":true,"href":"https:\/\/felgoulart.com.br\/biosensi\/wp-json\/wp\/v2\/product_brand?post=7487"},{"taxonomy":"product_cat","embeddable":true,"href":"https:\/\/felgoulart.com.br\/biosensi\/wp-json\/wp\/v2\/product_cat?post=7487"},{"taxonomy":"product_tag","embeddable":true,"href":"https:\/\/felgoulart.com.br\/biosensi\/wp-json\/wp\/v2\/product_tag?post=7487"}],"curies":[{"name":"wp","href":"https:\/\/api.w.org\/{rel}","templated":true}]}}